hat are the prime factors of 1045624722?
2, 3, 41, 43, 98849
What are the prime factors of 1767432991?
19, 93022789
What are the prime factors of 268864566?
2, 3, 503, 89087
What are the prime factors of 58196735?
5, 109, 106783
What are the prime factors of 1374939149?
23, 59779963
What are the prime factors of 3228247869?
3, 7, 11, 23, 709, 857
List the prime factors of 680409317.
7, 37, 2627063
List the prime factors of 41636277.
3, 19, 243487
What are the prime factors of 20398656?
2, 3, 106243
List the prime factors of 156154350.
2, 3, 5, 11, 17, 19, 293
List the prime factors of 82255569.
3, 11, 2492593
What are the prime factors of 171290522?
2, 13, 23, 107, 2677
What are the prime factors of 72323903?
1789, 40427
What are the prime factors of 924394928?
2, 57774683
List the prime factors of 1419121499.
1419121499
What are the prime factors of 100985980?
2, 5, 1061, 4759
What are the prime factors of 152627673?
3, 11, 61, 75821
What are the prime factors of 30937944?
2, 3, 23, 41, 1367
List the prime factors of 833121209.
151, 401, 13759
What are the prime factors of 94912314?
2, 3, 7, 449, 719
What are the prime factors of 888649032?
2, 3, 59, 269, 2333
What are the prime factors of 2112952579?
131, 16129409
What are the prime factors of 208227133?
241, 864013
What are the prime factors of 470163892?
2, 11, 19, 29, 41, 43
What are the prime factors of 90097176?
2, 3, 13, 288773
What are the prime factors of 14673241?
11, 23, 59, 983
List the prime factors of 648546653.
648546653
List the prime factors of 85011590.
2, 5, 8501159
List the prime factors of 1568808793.
937, 1674289
What are the prime factors of 491825329?
241, 2040769
What are the prime factors of 501687257?
501687257
What are the prime factors of 42398334?
2, 3, 11, 214133
What are the prime factors of 89923449?
3, 7, 11, 43, 823
What are the prime factors of 1638567152?
2, 102410447
What are the prime factors of 145134190?
2, 5, 1061, 13679
What are the prime factors of 231539197?
231539197
What are the prime factors of 81523935?
3, 5, 603881
What are the prime factors of 1039226366?
2, 519613183
List the prime factors of 95550934.
2, 89, 536803
List the prime factors of 45536891.
4159, 10949
What are the prime factors of 1026665951?
1026665951
List the prime factors of 94045730.
2, 5, 43, 218711
What are the prime factors of 230140841?
7, 163, 201701
List the prime factors of 2019931190.
2, 5, 127, 439, 3623
List the prime factors of 269328514.
2, 7, 13, 587, 2521
List the prime factors of 56106400.
2, 5, 7, 43, 233
List the prime factors of 57724153.
57724153
List the prime factors of 159118575.
3, 5, 7, 11, 59, 467
What are the prime factors of 146604731?
7, 13, 53, 113, 269
List the prime factors of 7923209.
7, 19, 41, 1453
What are the prime factors of 1435531929?
3, 13, 29, 131, 9689
List the prime factors of 4006503271.
17, 31, 683, 11131
What are the prime factors of 3698135114?
2, 1849067557
What are the prime factors of 77024382?
2, 3, 17, 59, 12799
List the prime factors of 188991626.
2, 419, 225527
List the prime factors of 151654110.
2, 3, 5, 17, 103, 2887
List the prime factors of 40336427.
17, 2372731
List the prime factors of 24499231.
24499231
What are the prime factors of 229737243?
3, 433, 176857
What are the prime factors of 3867293007?
3, 429699223
What are the prime factors of 3240291316?
2, 43, 53, 191, 1861
What are the prime factors of 602795408?
2, 23, 1638031
What are the prime factors of 12073241?
53, 227797
List the prime factors of 31805081.
7, 11, 413053
List the prime factors of 87947426.
2, 7, 17, 449, 823
What are the prime factors of 15930168?
2, 3, 23, 28859
List the prime factors of 2748382326.
2, 3, 521, 32563
What are the prime factors of 156271630?
2, 5, 61, 241, 1063
What are the prime factors of 56775044?
2, 863, 16447
What are the prime factors of 5015787?
3, 7, 149, 229
List the prime factors of 3273752.
2, 29, 103, 137
List the prime factors of 111975795.
3, 5, 73, 89, 383
List the prime factors of 12916707.
3, 4305569
What are the prime factors of 2071435836?
2, 3, 227, 307, 2477
List the prime factors of 386427117.
3, 23, 29, 113, 1709
What are the prime factors of 86101017?
3, 197, 145687
List the prime factors of 44291073.
3, 97, 152203
List the prime factors of 1164942999.
3, 11, 3922367
List the prime factors of 241104943.
1949, 123707
What are the prime factors of 726262565?
5, 7, 47, 59, 1069
List the prime factors of 1758275.
5, 53, 1327
What are the prime factors of 573320478?
2, 3, 17, 19, 295831
What are the prime factors of 1049690124?
2, 3, 7, 1388479
What are the prime factors of 377104941?
3, 23, 1821763
List the prime factors of 879385.
5, 13, 83, 163
List the prime factors of 212548872.
2, 3, 457, 19379
What are the prime factors of 186806817?
3, 89, 25913
What are the prime factors of 2122615115?
5, 19, 179, 124823
List the prime factors of 188050862.
2, 2287, 41113
What are the prime factors of 1862742335?
5, 372548467
What are the prime factors of 2703798121?
113, 23927417
What are the prime factors of 19003608?
2, 3, 13, 79, 257
What are the prime factors of 751399833?
3, 250466611
What are the prime factors of 48206386?
2, 353, 68281
What are the prime factors of 585539239?
97, 6036487
List the prime factors of 5831822881.
211, 27638971
List the prime factors of 9785431.
73, 134047
What are the prime factors of 773840779?
521, 613, 2423
What are the prime factors of 1218726616?
2, 152340827
What are the prime factors of 2691906911?
4723, 569957
List the prime factors of 238663056.
2, 3, 4972147
List the prime factors of 143182928.
2, 7, 1278419
What are the prime factors of 3726005932?
2, 11, 84681953
List the prime factors of 851079718.
2, 23, 677, 27329
What are the prime factors of 2730161936?
2, 170635121
List the prime factors of 154303479.
3, 11, 43, 67, 541
List the prime factors of 11571115.
5, 1087, 2129
List the prime factors of 345212438.
2, 17, 83, 149, 821
List the prime factors of 622088386.
2, 19, 2693, 6079
What are the prime factors of 668453818?
2, 307, 1088687
List the prime factors of 3205031165.
5, 7, 17, 1409, 3823
List the prime factors of 890647567.
890647567
What are the prime factors of 6073268850?
2, 3, 5, 11, 877, 1399
List the prime factors of 4109615582.
2, 67, 30668773
List the prime factors of 2538169258.
2, 17, 53, 1408529
What are the prime factors of 573659538?
2, 3, 839, 113957
List the prime factors of 561811355.
5, 7, 151, 106303
List the prime factors of 77531551.
23, 3370937
What are the prime factors of 1131854524?
2, 167, 1694393
List the prime factors of 319328660.
2, 5, 7, 107, 21317
List the prime factors of 63533236.
2, 13, 1221793
What are the prime factors of 2127358751?
7, 1867, 162779
List the prime factors of 24828209.
7, 349, 10163
What are the prime factors of 110294568?
2, 3, 23, 149
What are the prime factors of 169743493?
2417, 70229
List the prime factors of 98898831.
3, 1621, 6779
What are the prime factors of 73432244?
2, 179, 102559
What are the prime factors of 1104259313?
47, 2719, 8641
List the prime factors of 431781861.
3, 7, 17, 271, 4463
List the prime factors of 139826057.
7, 409, 6977
List the prime factors of 2567981772.
2, 3, 587, 40507
What are the prime factors of 1749847?
11, 271, 587
List the prime factors of 103456940.
2, 5, 41, 71, 1777
What are the prime factors of 133036272?
2, 3, 67, 13789
What are the prime factors of 1363135091?
1363135091
What are the prime factors of 1045519069?
7, 9491, 15737
What are the prime factors of 1725452751?
3, 11, 52286447
List the prime factors of 196447090.
2, 5, 7, 2806387
List the prime factors of 97935440.
2, 5, 1224193
List the prime factors of 95072026.
2, 7, 6790859
What are the prime factors of 188949083?
101, 1870783
What are the prime factors of 61428626?
2, 7, 1753, 2503
What are the prime factors of 827429520?
2, 3, 5, 37, 93179
What are the prime factors of 140323065?
3, 5, 53, 176507
What are the prime factors of 89956240?
2, 5, 11, 9293
What are the prime factors of 42179484?
2, 3, 3514957
List the prime factors of 1939769655.
3, 5, 41, 3154097
What are the prime factors of 2378733351?
3, 151, 859, 6113
List the prime factors of 221611612.
2, 67, 211, 3919
What are the prim